en 157993 is divided by 157390?
603
What is the remainder when 2483608 is divided by 88?
72
What is the remainder when 3644026 is divided by 455275?
1826
What is the remainder when 13354521 is divided by 440?
81
Calculate the remainder when 57792 is divided by 27889.
2014
Calculate the remainder when 5025998 is divided by 718.
716
Calculate the remainder when 124597 is divided by 1754.
63
What is the remainder when 486783 is divided by 297?
0
Calculate the remainder when 3260050 is divided by 191767.
11
What is the remainder when 888680 is divided by 267?
104
What is the remainder when 4752290 is divided by 49?
25
Calculate the remainder when 117902825 is divided by 4288.
4265
What is the remainder when 250239 is divided by 900?
39
Calculate the remainder when 47486947 is divided by 27.
22
What is the remainder when 15689 is divided by 1257?
605
Calculate the remainder when 3127464 is divided by 946.
934
What is the remainder when 1715942017 is divided by 363?
361
Calculate the remainder when 3205597 is divided by 159.
157
Calculate the remainder when 26517 is divided by 1315.
217
What is the remainder when 9317620 is divided by 7478?
32
Calculate the remainder when 440424138 is divided by 581.
574
Calculate the remainder when 166269871 is divided by 14.
5
What is the remainder when 270553567 is divided by 16935?
7
Calculate the remainder when 173691 is divided by 1411.
138
Calculate the remainder when 2747865 is divided by 211373.
16
Calculate the remainder when 147312917 is divided by 246.
245
What is the remainder when 536597595 is divided by 224?
219
What is the remainder when 167478 is divided by 1710?
1608
Calculate the remainder when 249630908 is divided by 289595.
18
What is the remainder when 700032640 is divided by 4527?
4522
What is the remainder when 327890 is divided by 2068?
1146
What is the remainder when 931408 is divided by 2151?
25
What is the remainder when 24243566 is divided by 263517?
2
Calculate the remainder when 879101 is divided by 1446.
1379
Calculate the remainder when 228407 is divided by 8783.
49
Calculate the remainder when 303413 is divided by 2747.
1243
Calculate the remainder when 29166460 is divided by 16.
12
Calculate the remainder when 3390232 is divided by 302.
282
What is the remainder when 28209 is divided by 229?
42
Calculate the remainder when 12468165 is divided by 18.
15
Calculate the remainder when 6960588 is divided by 107.
24
Calculate the remainder when 640398 is divided by 298.
294
Calculate the remainder when 222253 is divided by 2269.
2160
What is the remainder when 5216597 is divided by 330?
287
Calculate the remainder when 6322462 is divided by 1514.
1512
Calculate the remainder when 54108 is divided by 204.
48
Calculate the remainder when 308894 is divided by 222.
92
Calculate the remainder when 53796396 is divided by 5703.
5700
Calculate the remainder when 72773265 is divided by 1626.
9
What is the remainder when 12656802 is divided by 532?
522
Calculate the remainder when 1774106 is divided by 15427.
1
What is the remainder when 11487570 is divided by 2932?
2926
Calculate the remainder when 1169070 is divided by 3168.
78
What is the remainder when 12043047 is divided by 3684?
51
What is the remainder when 545746 is divided by 90912?
274
What is the remainder when 233000 is divided by 1246?
1244
What is the remainder when 2927651 is divided by 645?
641
Calculate the remainder when 591519 is divided by 73659.
2247
Calculate the remainder when 1436525 is divided by 68.
25
Calculate the remainder when 1669 is divided by 517.
118
What is the remainder when 51674 is divided by 133?
70
What is the remainder when 11288328 is divided by 434166?
12
Calculate the remainder when 1566592 is divided by 1115.
17
What is the remainder when 33334 is divided by 6646?
104
What is the remainder when 494018 is divided by 905?
793
Calculate the remainder when 14574229 is divided by 207.
187
Calculate the remainder when 10175756 is divided by 36.
32
Calculate the remainder when 78466 is divided by 20.
6
What is the remainder when 56828 is divided by 1847?
1418
What is the remainder when 12304 is divided by 4018?
250
Calculate the remainder when 59312857 is divided by 4978.
4965
Calculate the remainder when 7203584 is divided by 81.
11
Calculate the remainder when 1726518 is divided by 14.
10
Calculate the remainder when 71512870 is divided by 473595.
25
What is the remainder when 3122535 is divided by 10?
5
What is the remainder when 360881 is divided by 115?
11
Calculate the remainder when 20434559 is divided by 98.
89
Calculate the remainder when 152099 is divided by 75954.
191
Calculate the remainder when 5130661 is divided by 77.
74
What is the remainder when 617917 is divided by 51490?
37
What is the remainder when 30650 is divided by 24268?
6382
Calculate the remainder when 150341 is divided by 721.
373
Calculate the remainder when 8679545 is divided by 52.
17
What is the remainder when 12129398 is divided by 288795?
8
Calculate the remainder when 74089 is divided by 1255.
44
What is the remainder when 91111813 is divided by 24?
13
What is the remainder when 397461 is divided by 184?
21
What is the remainder when 312779 is divided by 1735?
479
Calculate the remainder when 18634788 is divided by 7032.
7020
Calculate the remainder when 3121940 is divided by 57.
50
What is the remainder when 89439023 is divided by 40?
23
What is the remainder when 1285556 is divided by 1454?
220
What is the remainder when 334186 is divided by 2782?
346
Calculate the remainder when 2920498 is divided by 300.
298
What is the remainder when 1483738 is divided by 329?
277
What is the remainder when 485189 is divided by 263?
217
Calculate the remainder when 823472 is divided by 2084.
292
What is the remainder when 48131818 is divided by 803?
801
What is the remainder when 104836 is divided by 25283?
3704
What is the remainder when 2517387 is divided by 2517378?
9
Calculate the remainder when 268771 is divided by 1639.
1614
What is the remainder when 714232 is divided by 576?
568
Calculate the remainder when 34426343 is divided by 2459024.
7
What is the remainder when 170934 is divided by 446?
116
Calculate the remainder when 177715 is divided by 4613.
2421
Calculate the remainder when 5216151 is divided by 17.
7
What is the remainder when 42918 is divided by 1900?
1118
Calculate the remainder when 16933677 is divided by 36.
33
Calculate the remainder when 364220 is divided by 182078.
64
What is the remainder when 733809 is divided by 33?
21
What is the remainder when 2857560 is divided by 219809?
43
What is the remainder when 689064 is divided by 229682?
18
What is the remainder when 4691381 is divided by 105?
86
Calculate the remainder when 1279537 is divided by 319769.
461
What is the remainder when 614369 is divided by 122751?
614
Calculate the remainder when 280038 is divided by 2592.
102
What is the remainder when 120642039 is divided by 809678?
17
Calculate the remainder when 12186284 is divided by 10088.
10068
Calculate the remainder when 3229 is divided by 53.
49
Calculate the remainder when 45562588 is divided by 4104.
4084
What is the remainder when 5386348 is divided by 431?
141
Calculate the remainder when 2827091 is divided by 942345.
56
Calculate the remainder when 213631 is divided by 3906.
2707
What is the remainder when 36412469 is divided by 2039?
7
What is the remainder when 40604129 is divided by 31?
19
What is the remainder when 13834273 is divided by 455?
453
What is the remainder when 1456939 is divided by 33882?
13
Calculate the remainder when 414131 is divided by 1972.
11
Calculate the remainder when 1519449 is divided by 215.
44
What is the remainder when 901329537 is divided by 422?
415
What is the remainder when 475664 is divided by 251?
19
What is the remainder when 137160734 is divided by 17145090?
14
Calculate the remainder when 3532727 is divided by 212.
171
What is the remainder when 430654 is divided by 557?
93
Calculate the remainder when 9468567 is divided by 350.
17
Calculate the remainder when 717555 is divided by 717501.
54
What is the remainder when 371694 is divided by 123896?
6
What is the remainder when 21587498 is divided by 59?
47
Calculate the remainder when 1969185 is divided by